-2*f**2 - 35*f - 97. Let y be j(-14). Let c(l) = -1 + 0*l + 3*l - 5*l. Calculate c(y).
-3
Let v(l) be the second derivative of -l**4/6 - l**3/6 + 11*l. Suppose -4*u + n = -u + 4, -10 = 5*n. Let f be ((-2)/(-8))/(u/(-8)). Give v(f).
-3
Let d = 49 + -49. Suppose d = 8*m + 49 - 9. Let i(c) = c - 3. What is i(m)?
-8
Suppose -100 = -6*k - 4. Let i(w) = 2*w - 30. Let p be i(k). Let r(l) = -2*l**3 + 2*l**2 + l - 2. Determine r(p).
-8
Let l(b) = -34*b**3 - 2*b**2 + 2*b - 1. Suppose o + 2 = -3*q, 0 = q + 4*o - o + 14. Calculate l(q).
-35
Let c(q) = 2*q - 8. Let b(a) be the first derivative of -a**2 + a + 25. Let z be b(-3). Determine c(z).
6
Let c(u) = u**2 - 6*u - 4. Let o be c(5). Let d(p) = -8*p - 9 - 7462*p**2 + 7461*p**2 + 16. Determine d(o).
-2
Let g(l) = -l**3 - 8*l**2 - 6. Suppose -31*h + 32*h + 3*w + 2 = 0, h + w + 6 = 0. Give g(h).
-6
Let u(t) = -t**2 - 5*t. Let w(n) = 6*n**2 + 27*n. Let q(j) = 22*u(j) + 4*w(j). Determine q(2).
4
Let f(d) = -5*d**2 + 12*d + 9. Let t(i) = 9*i**2 - 22*i - 16. Let s(z) = 7*f(z) + 4*t(z). Determine s(4).
-1
Let q(s) = -7*s**3 + 4*s**2 - 3. Let b be q(-1). Let a(x) = -2*x**3 + 7*x**2 + 6*x + 11. Let u(c) = -c**3 - c + 1. Let p(k) = -a(k) + u(k). Calculate p(b).
-2
Let v(q) = -53*q**2 + 2*q - 2. Let m(i) = 103*i**2 - 3*i + 3. Let t(p) = 3*m(p) + 5*v(p). Determine t(1).
44
Let l(y) = 5*y**3 - 42*y**2 - 6*y - 66. Let h(c) = 2*c**3 - 14*c**2 - 2*c - 22. Let w(v) = -8*h(v) + 3*l(v). Let r be w(-14). Let s(u) = -2*u + 8. What is s(r)?
-4
Let j(d) = -31*d - 30. Let v be j(-4). Let g = -93 + v. Let m(p) = -p**2 - p. Let s(w) = -6*w**2 + 3*w - 1. Let n(q) = -2*m(q) - s(q). Determine n(g).
8
Let k(w) = w**2 + 3 - 9*w + 9*w - 2. Let y(a) = 5*a**2 + 0*a - 9*a + 2 - 2*a**2 + 2*a. Let t(i) = 4*k(i) - y(i). Give t(-6).
-4
Let q(p) be the second derivative of 0 - 40*p - 1/6*p**3 + 7/2*p**2. Let x be 0/(0/(-1) + -2). Determine q(x).
7
Let k(o) be the third derivative of -o**5/15 + o**4/8 - o**3/3 - 17*o**2. Let j(b) = b**2 - b. Let g(n) = -3*j(n) - k(n). What is g(3)?
11
Let c(l) be the second derivative of -7*l**3/6 - 16*l**2 - 6*l + 26. Determine c(-5).
3
Suppose 2*a + 2*a + 5*j - 3 = 0, 5*a = 3*j + 13. Suppose 2*n + a*n - 8 = 0. Let s(r) = r - r - 9*r + n + 6*r. Calculate s(3).
-7
Let w = -33 - -36. Let a(g) = 4*g - 1 - w*g - 2*g + 4*g**2. Give a(-1).
4
Let z = 17 - 13. Let w(t) = 3 - t**2 - 9 + 1444*t - 1438*t. Determine w(z).
2
Let z(j) = 47*j - 25*j - 29*j. Determine z(1).
-7
Let a(v) = -2*v - 2. Let k be a(-4). Let w(f) be the first derivative of f**4/4 - 2*f**3 + f**2/2 - 2*f + 115. What is w(k)?
4
Suppose -w - 3*v = -13, -3*w + 15 = 4*v - 4. Let s(t) = 4*t**2 + 3*t - 1. Let c be s(-2). Let n(z) = 0*z - c*z - 7*z + 12*z. Give n(w).
-4
Suppose 2*d + 4 = 4*b, 7*d = 4*d + 3*b. Let p(y) = -14*y - 1 + 5 + 9*y - y**d. Give p(-5).
4
Let y = 4 + -4. Let x(p) = 3*p + y*p - 3 - 2*p. Let z be (-1)/(-4)*10*2. Determine x(z).
2
Let r be 2/4*3*-4. Suppose -4*w = -p - 23, -2*w - w + 2*p + 21 = 0. Let y(d) = d - w + 3*d - 5*d. What is y(r)?
1
Suppose 8*d - 6 = 7*d. Let r(t) = 6*t**2 - d*t**2 + 0*t**2 + t**2. Determine r(-3).
9
Let y(x) = 2*x + 0*x - 3 + 3 - 1. Suppose i + 7 = 8*i. Let t be (-9)/45*(i/(-1) + -4). Give y(t).
1
Let k(g) = g - 7. Let m(w) = 7*w - 1. Let c be m(2). Let q be k(c). Let l(t) = 0*t + 4 + 1 - 2*t. Determine l(q).
-7
Let k = 170 + -172. Let p(g) = -g**3 - 3*g**2 + 3*g + 1. Give p(k).
-9
Let h(p) = -p - 1. Let r(i) = -i**2 - i - 8. Suppose -4 = -2*v - 2*v. Let w(y) = v*r(y) - 6*h(y). Give w(6).
-8
Let m be 3 + -2 + -1 + 6. Let v(h) = -8*h**2 + m + 19*h**2 - 6*h**2 + 4*h + h**3. Give v(-5).
-14
Suppose -7*b = -3*b - 32. Let r(u) be the third derivative of -u**6/120 + 3*u**5/20 - u**4/3 + 2*u**3/3 + 395*u**2. Calculate r(b).
4
Let f(s) = 6*s + 50. Suppose -59*u - 480 = 51. Determine f(u).
-4
Let j(b) = b - 8. Let h(f) = 2*f**3 + 12*f**2 + 11*f + 68. Let o be h(-6). What is j(o)?
-6
Let i(m) = 5*m**3 - 5*m**2 - 7*m + 3. Let f(d) = -3*d**3 + 2*d**2 + 4*d - 1. Let t(b) = -7*f(b) - 4*i(b). Let s = -41 - -35. What is t(s)?
-5
Let l(z) = -3*z - 7. Suppose 12*n + 95 = -7*n. Determine l(n).
8
Let m(t) = -4*t - 8. Let u(l) = -4*l - 9. Let h(i) = 2*m(i) - 3*u(i). Determine h(8).
43
Suppose -14 = d + 4*o, 4*d - 3*o = 2*o + 28. Let w(m) = 200*m - 200*m + 4*m**d. Suppose -f + 1 = -2*u, -2*u = u - 4*f - 1. Determine w(u).
4
Suppose 431*w - 4*s = 432*w + 26, -2*w - 3*s - 27 = 0. Let j(o) be the second derivative of o**5/20 + 5*o**4/12 - 4*o**3/3 - 2*o**2 + o. Calculate j(w).
8
Let z(p) be the first derivative of 1 + 0*p + 1/3*p**3 + 2*p**2. Suppose 3*l - 5*l - 8 = 0. Give z(l).
0
Let d(v) = 38 + 61 + 3*v - v**2 - 96. Calculate d(3).
3
Suppose 5*h = -20 - 20. Let o(f) = 10*f - 20 + 0*f**2 + 21 + f**2 + 9. Calculate o(h).
-6
Let f(h) = 2*h**3 - h**2 + 1. Let m = -4 - -3. Determine f(m).
-2
Let r(s) be the third derivative of 1/2*s**3 + 0 + 7*s**2 + 0*s - 1/24*s**4. Determine r(9).
-6
Let o(f) = -f**3 - 7*f**2 - 4*f + 7. Suppose -80 = 5*v + 90. Let b = -40 - v. Calculate o(b).
-5
Let c(z) = 18 + 2*z + 21 - 40. Suppose -8*g + 20 = -3*g. Suppose -g*t = -9*t + 10. What is c(t)?
3
Suppose 9 = -9*k - 0. Let z(a) = 30*a**2 + 1. Calculate z(k).
31
Let y(f) = 4*f + 123 - 59 - 63. What is y(2)?
9
Suppose 8*l = 7*l - 6. Let i(o) = -o - o**3 - 6*o**2 + 3 - 1 - 12 + 2. Give i(l).
-2
Let l(p) = -p - 5. Let w = -56 - -60. Give l(w).
-9
Let d(q) = 9*q**3 - q**2 - q. Let v = -186 + 185. Determine d(v).
-9
Let s(h) = -h**3 - 15*h**2 + 18*h + 10. Let w = 1033 + -1049. Determine s(w).
-22
Let d(t) = 2*t - 2. Let z be (42/(-70))/(2/(-30)). Suppose 4*s + 3 = 3*y - z, 5*y - 5*s = 20. Calculate d(y).
6
Let z(k) = k**3 - 3*k**2 + 4*k - 5. Let o be 11 + -7 + 2 + -4. Calculate z(o).
-1
Suppose -5*q + l + 49 = 0, -5*q + 34 = -4*l - 27. Let j(w) = 4*w**2 + 6*w**2 - q*w**2 - w + 2. Determine j(2).
4
Let s(a) = -2*a - 2. Let i(y) = -y**2 - 5*y - 5. Let k(r) = 3*i(r) - 8*s(r). Let t = 3 + -1. Calculate k(t).
-9
Suppose 0 = 16*i + 106 - 250. Suppose -1 - 14 = 5*v - 2*x, -i = 3*v + 3*x. Let w(u) = u**3 + 3*u**2 + 2*u - 2. Give w(v).
-8
Let k(j) = -j**3 - 2*j**2 + 2. Let h be k(-2). Let z(s) = -s**3 - 7*s + s + 13*s**h + 20 - 17 - 7*s**2. Calculate z(5).
-2
Let y(r) = -6*r + 11. Suppose 4*w + 3*v = 1, -2*v = -w - 4*w - 16. Let z(u) = -u + 1. Let b(x) = w*y(x) + 14*z(x). What is b(-6)?
4
Let d(l) = -1. Let q(m) be the first derivative of m**2/2 - 16*m + 6. Let f(w) = -5*d(w) + q(w). Let p = -10 + 10. Give f(p).
-11
Let o(l) = -6*l - 8. Let s(v) be the first derivative of v**3/3 - 5*v**2/2 - 7*v - 10. Let m(w) = 6*o(w) - 7*s(w). Give m(1).
-7
Let y(k) be the second derivative of -k**6/120 + 7*k**5/60 - k**4/6 - 4*k**3/3 + k**2/2 - 13*k. Let v(l) be the first derivative of y(l). Calculate v(6).
4
Let k(t) = t + 3. Let r(f) = 2*f**3 + f**2 + 2*f + 3. Let p be r(-2). Calculate k(p).
-10
Let h(x) be the first derivative of x**5/20 + x**4/2 + x**3/2 + 8*x + 3. Let w(r) be the first derivative of h(r). Calculate w(-4).
20
Let j(x) = -x**3. Let l be j(0). Suppose 3*y = -l*y - 9. Let k(o) = -o**2 - 5*o - 2. Calculate k(y).
4
Suppose -d + 4*d - 29 = 4*g, -g = -2*d + 16. Let l(f) = -f**2 + 6*f + 6. Determine l(d).
-1
Let p be 34/(-6) + -2 + (-48)/(-18). Let c(l) = l**3 + 6*l**2 + 3*l - 7. Determine c(p).
3
Let a = -263 - -257. Let u(c) = c + 6. Calculate u(a).
0
Let z(y) = -3*y - 17. Suppose 87*r + 208 + 923 = 0. What is z(r)?
22
Let k(s) be the first derivative of -s**4/4 - 2*s**3 - 3*s**2 - 7*s - 3. Suppose 0 = 6*g + 7 + 23. Calculate k(g).
-2
Let b(u) = -u**2 + 7*u - 7. Let l be (-27)/(-5) - 3/(-5). Let m be b(l). Let y(z) = -2*z**2 + 1. What is y(m)?
-1
Let b(f) be the first derivative of 7*f**3/3 - f**2 - f - 6. Suppose 0 = 5*u + 26 - 141. Suppose -t + 6*x - 26 = x, 0 = 3*t - 4*x + u. Determine b(t).
8
Let j be ((-4 + (-4)/(-1))/2)/(-1). Suppose -10 = -3*t + t - 3*z, -4*z + 18 = 5*t. Let i(y) = -5 - y**2 + 2*y**2 + 0*y**t. Give i(j).
-5
Let v(x) = 3*x - 2. Let a be v(2). Let q(s) = 6*s + 5. Let c(j) = -8*j - 5. Let n(p) = -4*c(p) - 5*q(p). Give n(a).
3
Let m be 1/(5*1 - 98/21). Let r(h) = -h**2 - 2*h - 3. Calculate r(m).
-18
Let l = 13 - 11. Let q(f) = 10*f + 703*f**2 - 9 - 2*f - 704*f**l. Calculate q(7).
-2
Let i(j) be the first derivative of -j**2/2 - 4*j - 298. Let y(h